4?
2
Let r(p) = p**2 - 11*p + 13. Let s be r(-6). Let f = -76 + s. What is the tens digit of f?
3
Let y be 2/(-6) - (-1348)/12. Let b = y + -57. Let o = b + -27. What is the units digit of o?
8
Let f(p) = -p**2 + 36*p + 68. What is the tens digit of f(18)?
9
Let f = 6 + -114. Let u = f - -193. What is the tens digit of u?
8
Let n = -3 - 11. Let k = n + 30. Let c = k - 11. What is the units digit of c?
5
Let k(v) = 19*v + 55. What is the tens digit of k(5)?
5
Suppose 5*f = -5*m - 0*f - 30, 0 = 5*m + f + 30. Let b = 16 + m. What is the tens digit of b?
1
Let i be ((-5)/15)/(1/(-9)). Suppose 0 = 2*y - 17 + i. Suppose -5*d + 4*f = -13, -d + 4*f = y - 0. What is the units digit of d?
5
Let q = -2241 - -4467. What is the tens digit of q?
2
Suppose 2*l = 7*l - 5*u - 15, 1 = 3*l + 5*u. Suppose 146 = 3*x - t, l*t - 94 = -2*x + t. What is the tens digit of x?
4
Let l(p) = p + 8. Let d be l(-6). Suppose -5 + d = -g. Suppose -g*k = -9, 8 = 2*c - c - 4*k. What is the units digit of c?
0
What is the hundreds digit of 2302 + 6 + -9 + -6?
2
Let x(r) = 7*r**2 + 0*r + r - 5 + 0*r**2 + 2*r. What is the units digit of x(3)?
7
Suppose -241 = -a - 5*m, -m + 4*m = -2*a + 461. Let g = 326 - a. What is the units digit of g?
0
Suppose -9*y + 36 = -0*y. Suppose 0*b - 3*i - 40 = -b, 245 = y*b + 5*i. What is the tens digit of b?
5
Suppose 4*t + 2*b = 338, -t - 3*b - 9 + 86 = 0. What is the tens digit of t?
8
Let a(o) = 26*o + 27. What is the units digit of a(16)?
3
Suppose 188 = -u + 2*u + 2*g, -4*u - g = -780. What is the hundreds digit of u?
1
What is the units digit of 6*61 + (-14)/(-2)?
3
Let q(k) = k**2 - 4*k + 6. Let c be q(3). Suppose 2*w + c*w = 55. Suppose h + w - 41 = 0. What is the units digit of h?
0
Let v(h) = 25*h**2 + 217*h - 224*h - 2 + 2*h**2. What is the units digit of v(-3)?
2
Suppose 6 = 2*t - 0*t. Suppose -33 = -3*n - t*y, n + 0 = y + 1. Let p(g) = g**3 - 6*g**2 + 4*g + 7. What is the units digit of p(n)?
1
Suppose -5*b + 2*y = -3*y + 10, 5*y = 4*b + 11. Suppose -2*u - b = -h - 2, 0 = 2*u + 5*h - 31. What is the units digit of u?
3
Let o(i) = 87*i + 40. What is the hundreds digit of o(8)?
7
Let m(w) = -2*w**3 + 3*w**2 - 10*w - 7. What is the units digit of m(-5)?
8
Suppose 4*k + 8 + 24 = 0. Let w(p) be the second derivative of p**5/20 + 3*p**4/4 + 7*p**3/6 - 3*p**2/2 - 9*p. What is the units digit of w(k)?
5
Let r = 25 - 16. Suppose -u = r - 15. Suppose -u*b + 66 = -0*b. What is the units digit of b?
1
Let a = -28 + 37. Suppose 282 = -a*j + 1272. What is the tens digit of j?
1
Let l(v) = -v**2 + 7*v - 14. Let q be l(6). Let n = q - -24. What is the units digit of n?
6
Let s(o) = -2*o**3 + 34*o**2 - 16*o - 5. What is the units digit of s(5)?
5
Suppose 5*d = -5*d + 50. Suppose 2*v - d*u = -3*v + 95, 10 = -2*u. What is the units digit of v?
4
Suppose 0 = 3579*z - 3572*z - 16044. What is the tens digit of z?
9
Let q(f) = 3*f + 27. Let y be q(-10). Let z(x) = 18*x**2 + x - 7. What is the tens digit of z(y)?
5
Suppose 0 = -0*m + 2*m - 6. Suppose -m*i - 45 = 15. What is the units digit of (16/i)/1*-15?
2
Let r be 2/3 + (-16240)/(-30). Suppose 0 = -5*k + r + 178. What is the units digit of k?
4
Let q(c) = -c**3 - 8*c**2 + 9*c - 5. Let x be q(-7). Let p = 195 + x. What is the units digit of p?
8
Suppose 5*x - 480 = 5. Suppose 6*s - x = 5*s. What is the tens digit of s?
9
Suppose 15 = p + 3*n, n + n = 4*p - 18. Let z(u) = u**2 + 4*u + 3. What is the units digit of z(p)?
3
Suppose -4*d + 3 = -9. Let m be -4 + d*2/3. What is the units digit of -2 + (-2)/m - -26?
5
Suppose 8*x = -0 + 16. Suppose 2*c - 2*f - 28 = 16, x*c + 5*f = 37. What is the units digit of c?
1
Suppose -6*y + 8*y = 5*v - 8312, v = 4*y + 1648. What is the units digit of v?
4
Let w be ((-2)/3)/((-8)/48). Let v be -51*(-14)/24*4 + -4. Suppose -v = -w*c - 43. What is the tens digit of c?
1
Suppose 4*c = 27 + 17. Let x = 8 + c. Let s = -6 + x. What is the tens digit of s?
1
Let v = 128 + -123. Suppose 0*j + 1120 = v*q + 5*j, 5*j - 240 = -q. What is the tens digit of q?
2
Let u = 21 + -56. Let h = u + 74. What is the units digit of h?
9
Let h = 96 + -92. Suppose 0 = 5*j - 3*c - 288 - 462, 0 = -h*j - 3*c + 600. What is the units digit of j?
0
What is the units digit of (104/(-14))/(50/(-36925))?
6
Suppose 4*f - 12 = 0, 6*t - 9*t + 3*f = -12315. What is the hundreds digit of t?
1
Suppose 0 = -2*d - 3*l + 16, 3*d - 3*l = -8 + 2. Suppose 63 = 3*i - 3*m, i = d*i - 2*m - 17. What is the units digit of i?
5
Let f = 4 - -8. Let p be f/(-42) - 116/(-14). Let y = 26 - p. What is the tens digit of y?
1
Let c(g) = -g**3 + 9*g**2 + 21*g - 26. Suppose 0*b + 4*b + 4*o = 20, 60 = 4*b - 4*o. What is the units digit of c(b)?
4
Suppose -4*h + p + 1961 = 0, -2*p + 163 + 334 = h. What is the hundreds digit of h?
4
What is the hundreds digit of 5 + 387/(-81) + 8564/18?
4
Let x(a) = -a**3 + 5*a**2 + 3*a - 7. Let i(s) = -s**3 + s + 2. Let y be i(-2). Let j be 5*-1*(y - 9). What is the units digit of x(j)?
8
What is the tens digit of 12*4/(-8) - -243?
3
Let i(j) = -j**3 - 7*j**2 + 6*j - 4. Let s be i(-7). Let r = -2 - s. What is the units digit of r?
4
What is the units digit of 14/21 - 3712/(-12)?
0
Let m(l) = 3*l**2 - 2 + 1039*l - 4*l**2 - 1037*l + 4 - 4*l**3. Let w = 0 + -1. What is the units digit of m(w)?
3
Let o(f) = -26*f + 1. Let j be o(-1). Let t(m) = m**3 + 15*m**2 - 35*m + 24. Let k be t(-17). Let r = k - j. What is the units digit of r?
4
Suppose -h = 0, 3 = -0*g - 3*g - 4*h. What is the hundreds digit of g/2 - (-2490)/20?
1
Let y(b) = -b**3 - 8*b**2 - b + 14. Let v be (9/4)/((-4)/16). What is the tens digit of y(v)?
0
What is the tens digit of 1/1 + 390 - -6?
9
Let x be 7 + 0 + -1 + 0/2. Suppose x*k - 1380 = -6*k. What is the hundreds digit of k?
1
Let n(f) = 6*f**3 + 9*f**2 - 6*f - 8. What is the tens digit of n(6)?
7
Suppose -5*h + 2*r = -5109, -4*h + 6*r + 4082 = 7*r. What is the units digit of h?
1
Let v(o) = -2*o - 8. Let s be v(4). What is the units digit of 12/(-10)*(s + -129)?
4
Let f be 422/6 - (-4)/6. Suppose -3*s - 174 = 4*w, 0*s = 5*w + s + 212. Let i = w + f. What is the units digit of i?
9
Let f(g) = -g + 10. Let v be f(6). Suppose -b = 3*q - 3 + v, -q + 1 = b. Suppose b*n = 4*w - 62, -w - n + 8 = -4*n. What is the tens digit of w?
1
Let n = -619 - -1843. What is the units digit of n?
4
Let l be 8/12 - 176/12. Let x be 128/(l/3 - -4). What is the units digit of ((-2)/(-3))/((-16)/x)?
8
Let z(x) = -x**2 + 7*x + 7. Let q be z(8). Let v be (((-4)/q)/4)/1. Let i(o) = 46*o**3 - o**2 + 1. What is the units digit of i(v)?
6
Suppose -4*f + 5*y + 170 = f, 2*y - 34 = -f. Let w = 15 + f. What is the tens digit of w?
4
Let x(b) = 7*b + 11*b - 8*b + 8*b + 5. Let a be x(11). Suppose 5*d = -4*i + a, -3*i = -d - 6 - 151. What is the tens digit of i?
5
Suppose 5*x = -4*t + 1063, 2*x = -5*t + 1459 - 143. What is the tens digit of t?
6
Suppose 3*g + 3*i - 207 = 0, 0 = 5*g + 3*i - 5*i - 310. Let v = g + -56. What is the units digit of v?
8
Let p = -2198 + 4508. What is the tens digit of p?
1
Suppose -1029 = -6*x + 1161. What is the units digit of x?
5
Let b be 2/4*1*6. Suppose -4*g - 5*f - 5 = -1, b*g + 5*f = -8. Suppose 72 - g = 4*h. What is the units digit of h?
7
Suppose 5*c + 5*n = 0, 2*c = 4*c - 2*n + 12. Let o be -41 - (-3 - c)*1. Let b = o + 63. What is the units digit of b?
2
Let k(n) = 876*n**2 - 109*n - 212. What is the units digit of k(-2)?
0
Suppose 9*u + 44 = 13*u. Let j = 59 + u. Let m = -21 + j. What is the tens digit of m?
4
Let k = 131 + -142. Let x(w) = 2*w**2 - 7*w - 36. What is the tens digit of x(k)?
8
Let n = 33 + 189. What is the tens digit of n?
2
Suppose z - 8 = -4*l, -z + 0*l - 10 = -5*l. Suppose 3*u + 159 - 783 = z. What is the hundreds digit of u?
2
Suppose -4*n + 2*w = -378, -4*n + 2*w - w = -377. Let g = n + -15. What is the tens digit of g?
7
Let q(b) = b**2 + 44*b + 19. Let l(s) = -2*s**2 - 44*s - 18. Let k(p) = -4*l(p) - 3*q(p). What is the units digit of k(-11)?
6
Suppose -2*j = -j - 3*g + 4, -17 = -4*j + g. Suppose -j*h - x = -6*x - 580, 0 = -h - x + 108. What is the units digit of h?
2
Suppose 24 = 4*j + 4*f, j + 3*f - 5 = 5. Suppose j*o + x + 25 = -0*x, -5 = -2*o + 3*x. Let b = 9 + o. What is the units digit of b?
4
Let m(a) = 157*a + 17. What is the hundreds digit of m(4)?
6
L